ommon divisor of 58 and 116?
58
What is the greatest common factor of 8 and 41368?
8
What is the greatest common factor of 24 and 3576?
24
What is the highest common divisor of 175 and 630?
35
What is the highest common factor of 29440 and 1104?
368
What is the highest common factor of 368 and 48?
16
Calculate the greatest common factor of 27 and 180.
9
What is the highest common factor of 1900 and 532?
76
What is the highest common factor of 133 and 63?
7
What is the highest common divisor of 27 and 1692?
9
Calculate the highest common factor of 13 and 20267.
13
What is the highest common divisor of 670 and 4?
2
What is the greatest common divisor of 920 and 560?
40
Calculate the highest common factor of 540 and 1161.
27
Calculate the highest common factor of 500 and 4.
4
Calculate the highest common factor of 7 and 1015.
7
Calculate the greatest common divisor of 108 and 3924.
36
What is the greatest common factor of 345 and 276?
69
What is the greatest common factor of 490 and 245?
245
What is the greatest common factor of 188 and 141?
47
What is the greatest common factor of 32 and 40?
8
What is the highest common factor of 30 and 810?
30
What is the greatest common divisor of 24 and 18?
6
Calculate the highest common factor of 83270 and 11.
11
Calculate the greatest common factor of 45 and 12105.
45
Calculate the highest common divisor of 384 and 112.
16
What is the highest common factor of 7722 and 33?
33
What is the highest common factor of 910 and 7?
7
What is the highest common divisor of 410 and 328?
82
What is the greatest common divisor of 255 and 357?
51
Calculate the highest common factor of 170 and 38590.
170
Calculate the highest common divisor of 192 and 1728.
192
What is the greatest common divisor of 13 and 13429?
13
Calculate the greatest common divisor of 55 and 22.
11
What is the greatest common divisor of 87 and 696?
87
Calculate the greatest common divisor of 756 and 84.
84
Calculate the highest common divisor of 915 and 732.
183
What is the highest common factor of 8 and 132?
4
Calculate the highest common divisor of 266 and 8.
2
Calculate the highest common divisor of 370 and 20.
10
Calculate the highest common divisor of 6 and 8.
2
What is the greatest common factor of 4520 and 60?
20
What is the greatest common factor of 1038 and 18?
6
What is the greatest common divisor of 295 and 5?
5
What is the greatest common factor of 48 and 42?
6
Calculate the greatest common factor of 210 and 546.
42
Calculate the greatest common divisor of 184 and 23.
23
Calculate the greatest common divisor of 45 and 801.
9
What is the greatest common factor of 10 and 30?
10
Calculate the highest common divisor of 12 and 30948.
12
Calculate the greatest common divisor of 255 and 629.
17
Calculate the highest common factor of 1417 and 13.
13
Calculate the greatest common divisor of 670 and 10.
10
What is the highest common divisor of 70 and 5?
5
What is the highest common factor of 163 and 17115?
163
Calculate the greatest common factor of 16 and 68.
4
What is the highest common divisor of 3000 and 2625?
375
Calculate the highest common divisor of 46 and 1472.
46
Calculate the greatest common divisor of 112 and 32.
16
What is the greatest common divisor of 8723 and 143?
143
Calculate the greatest common factor of 1024 and 64.
64
What is the highest common factor of 600 and 700?
100
Calculate the highest common factor of 16 and 400.
16
What is the greatest common factor of 578 and 986?
34
Calculate the greatest common divisor of 230 and 270.
10
What is the greatest common divisor of 143 and 1963?
13
What is the greatest common divisor of 1 and 47?
1
What is the highest common divisor of 1050 and 30?
30
Calculate the highest common divisor of 60 and 15.
15
What is the highest common factor of 279 and 775?
31
What is the greatest common factor of 260 and 4212?
52
Calculate the highest common factor of 2619 and 1053.
27
Calculate the greatest common divisor of 63 and 1827.
63
Calculate the greatest common factor of 288 and 992.
32
What is the highest common divisor of 26 and 2483?
13
Calculate the highest common factor of 1068 and 48.
12
Calculate the highest common factor of 14 and 16436.
14
What is the greatest common factor of 3914 and 309?
103
What is the greatest common factor of 522 and 72?
18
Calculate the highest common factor of 6 and 27.
3
What is the highest common divisor of 7 and 8?
1
What is the highest common factor of 1903 and 11?
11
What is the highest common factor of 52 and 91?
13
Calculate the greatest common divisor of 1944 and 24.
24
Calculate the highest common divisor of 434 and 308.
14
Calculate the greatest common divisor of 12 and 786.
6
Calculate the highest common factor of 56 and 112.
56
Calculate the greatest common factor of 14 and 896.
14
What is the greatest common divisor of 276 and 1725?
69
Calculate the highest common divisor of 85 and 3791.
17
What is the greatest common factor of 4 and 5?
1
What is the greatest common divisor of 1444 and 76?
76
Calculate the greatest common divisor of 230 and 92.
46
What is the greatest common factor of 51 and 1088?
17
What is the greatest common factor of 30173 and 429?
143
What is the greatest common factor of 24 and 408?
24
Calculate the greatest common divisor of 5409 and 9.
9
Calculate the greatest common divisor of 62 and 7533.
31
Calculate the greatest common factor of 616 and 132.
44
Calculate the greatest common factor of 2430 and 210.
30
Calculate the greatest common divisor of 18 and 45.
9
What is the highest common divisor of 719 and 2?
1
Calculate the highest common divisor of 99 and 132.
33
What is the highest common factor of 576 and 54?
18
What is the greatest common factor of 259 and 6475?
259
Calculate the highest common factor of 185 and 1998.
37
Calculate the greatest common factor of 13 and 4186.
13
What is the highest common factor of 5 and 3155?
5
What is the highest common divisor of 81 and 9?
9
What is the greatest common factor of 72 and 5976?
72
What is the highest common divisor of 4 and 412?
4
What is the highest common divisor of 102 and 561?
51
Calculate the highest common factor of 75 and 45.
15
Calculate the greatest common divisor of 2303 and 35.
7
Calculate the greatest common factor of 390 and 310.
10
Calculate the greatest common divisor of 132 and 24.
12
Calculate the highest common factor of 2625 and 21.
21
What is the highest common factor of 13885 and 5?
5
What is the greatest common factor of 9659 and 91?
13
What is the highest common divisor of 120 and 15?
15
Calculate the greatest common factor of 21 and 119.
7
Calculate the greatest common factor of 288 and 972.
36
What is the highest common factor of 276 and 1476?
12
Calculate the greatest common divisor of 324 and 33939.
81
What is the greatest common divisor of 184 and 16?
8
What is the greatest common divisor of 4250 and 255?
85
What is the greatest common divisor of 1085 and 124?
31
Calculate the greatest common divisor of 296 and 16.
8
Calculate the greatest common factor of 6 and 512.
2
What is the highest common divisor of 144 and 16?
16
Calculate the greatest common factor of 142 and 1349.
71
What is the greatest common divisor of 133 and 175?
7
What is the greatest common divisor of 45 and 11295?
45
Calculate the highest common factor of 19836 and 36.
36
Calculate the highest common divisor of 1394 and 82.
82
Calculate the highest common divisor of 9607 and 13.
13
Calculate the greatest common divisor of 416 and 32.
32
Calculate the greatest common divisor of 12 and 60.
12
Calculate the highest common divisor of 92 and 44.
4
What is the highest common divisor of 10727 and 17?
17
What is the highest common factor of 5 and 80?
5
What is the greatest common factor of 592 and 111?
37
Calculate the greatest common factor of 387 and 1419.
129
What is the greatest common divisor of 224 and 64?
32
Calculate the highest common factor of 590 and 2714.
118
What is the highest common factor of 2888 and 1976?
152
Calculate the highest common divisor of 21 and 1743.
21
What is the greatest common factor of 92 and 24748?
92
Calculate the greatest common factor of 55 and 330.
55
What is the highest common divisor of 217 and 93?
31
Calculate the highest common divisor of 50 and 18